- 2*g - 33 = 0. What are the prime factors of g?
3, 11
Let n be 9/6 - 1/(-2). Let r(m) = 3*m**2 + 2*m - 3. Let o be r(n). Suppose -o = -3*p + 14. What are the prime factors of p?
3
Suppose 3*g + 32 = 3*w - g, 2*w = 3*g + 21. Suppose 0*f + f - 4*h = -w, 3*h - 12 = 0. Suppose z = -f*z + 25. What are the prime factors of z?
5
Suppose g + 5*o + 164 = 2*g, 2*g = -2*o + 352. List the prime factors of g.
2, 3, 29
Let b(x) = -x**2 + 10*x + 22. What are the prime factors of b(10)?
2, 11
Let y(s) = 4*s**2 - 3*s + 1. List the prime factors of y(2).
11
Let a(o) = 4*o - 8. Let f be a(6). Let m = f + -6. List the prime factors of m.
2, 5
Suppose -3*m - 6 = -141. List the prime factors of m.
3, 5
Let b(o) = 15*o**3 - o. Let g be b(-1). Let z(j) = -4*j - 10. List the prime factors of z(g).
2, 23
Let o be (-4)/(-14) + (-30)/7. Let g be o/(-5)*(-2 - -7). Suppose 4*b + 12 = -0, 0 = -z - g*b + 5. What are the prime factors of z?
17
Let t(d) = -d**2 - 2*d + 3. Let w be t(-3). Suppose w = -n + 5*n - 60. List the prime factors of n.
3, 5
Suppose 3*g - 244 = 4*l, 0*g = 2*g + 4*l - 156. Suppose 0 = 2*y + 5*t - 33, 0 = 6*y - 2*y - 4*t - g. What are the prime factors of y?
19
Let k(m) = -m**3 - 4*m**2 - 5*m - 2. Suppose 0 = -4*r + 2*t - 14, 4*r = -2*t - 5 - 5. List the prime factors of k(r).
2
What are the prime factors of (-134)/(-3) + 12/36?
3, 5
Let n = 32 - 28. List the prime factors of n.
2
Let q(d) = 11 - 3*d + d**2 - 6 + 8*d. Let l be q(-4). What are the prime factors of l*(2 + -2 + 3)?
3
Let z = 1 + 10. What are the prime factors of z?
11
Suppose 5*u = -5*c - 75, 3*u = 4*c - 0*c + 60. Let s = c - -21. What are the prime factors of s?
2, 3
Let r be (2 + -3)*2/1. Let k be r/(-4)*-2 - 2. Let d = k - -14. List the prime factors of d.
11
Let p(s) = -4*s + 49. What are the prime factors of p(9)?
13
Let g be (-9)/27 - (-206)/6. Suppose -4*q + 56 = 5*j, 0 = 5*q - 3*q + 4*j - g. What are the prime factors of q?
3
Suppose -2*o - 44 = 14. Let i = o - -62. List the prime factors of i.
3, 11
Let t(b) = 40 + 47*b - 47*b - 2*b**2. List the prime factors of t(0).
2, 5
Let j be (1/(-3))/(1/(-3)). Let l(z) = j - 1 - 11*z. List the prime factors of l(-1).
11
Let v be ((-6)/4)/((-6)/8). Suppose 0 = -n - v*n. Suppose 2*u - 10 = n, -4*j + 31 = 3*u - 4*u. List the prime factors of j.
3
What are the prime factors of 2512/36 + 4/(-18)*-1?
2, 5, 7
Let l = -2 - -1. Let x(i) = 25*i**2 - 3*i - 3. Let w(a) = 37*a**2 - 4*a - 4. Let f(m) = 5*w(m) - 7*x(m). What are the prime factors of f(l)?
2, 5
List the prime factors of 28*(-40)/96*1*-3.
5, 7
Let g(z) = 6*z**2 - z - 2. List the prime factors of g(2).
2, 5
Let w(c) = 7*c + 7. Let n be w(3). Let u(b) = b**2 + 5*b + 6. Let p be u(-5). Suppose a - v - p = 0, -3*a - 3*v = -v - n. List the prime factors of a.
2
Let w(s) = -s**2 + 9*s - 2. Let d be w(6). Let t be d + 2 + (-1 - 1). Suppose -1 = -f + t. What are the prime factors of f?
17
Suppose -r = -3*t + 34, 5*r - 17 = -5*t + 3*t. Let f = t + -7. Suppose 1 = -2*h + 7, -f*g - 2*h = -46. List the prime factors of g.
2, 5
List the prime factors of (-55)/(3 + 2)*-6.
2, 3, 11
Let z(q) = -q**3 + 12*q**2 + 15*q - 6. What are the prime factors of z(13)?
2, 5
Let m = -1 + 34. What are the prime factors of m?
3, 11
Let g be 8/12 + (-4)/(-3). Let x = g + 11. What are the prime factors of x?
13
Let n(z) = 2*z - 13. Let k be n(8). Suppose -46 = -k*o + 50. What are the prime factors of o?
2
Let u(r) = r + 5. Let f be u(7). Let d(a) = 10*a**2 + 1 - 8 - 10 + 14*a - 11*a**2. What are the prime factors of d(f)?
7
Let x be 0 - 7 - (0 + -1). Let n = -1 - x. List the prime factors of n.
5
Let x(y) = 5*y + 6. List the prime factors of x(8).
2, 23
Let c be ((-9)/(-6))/((-2)/4). Let l be (2 + -2)/(2 + c). Suppose 3*y + l*y = 48. What are the prime factors of y?
2
Suppose -2*c = -c + 3*k - 17, 0 = -2*c - 4*k + 24. Suppose -2*f = c*f - 80. List the prime factors of f.
2, 5
Suppose -3*f = -15, -u - 3*f + 27 = 2*f. Suppose -6*l + u*l + 20 = 0, 5*x - 45 = 5*l. What are the prime factors of x?
2, 7
Let r = -32 + 67. What are the prime factors of r?
5, 7
Suppose 0 = 4*m - 0*m - 8. Suppose 3*k - 4 = 2. Suppose -r = -m*r + k. What are the prime factors of r?
2
Let n(g) = 6*g**2 - 5*g + 4. List the prime factors of n(3).
43
Let i = 6 - -24. Suppose -h - h = -i. What are the prime factors of h?
3, 5
Suppose v = -4*m + 21, -5*v + 19 + 22 = 4*m. Suppose -2 + 0 = -b - 3*o, m = -4*o. Suppose -b*i = -20, -2 = -q - i + 4. List the prime factors of q.
2
Let z(f) = f**2 - 5*f + 2. Let v be z(5). Suppose -2*m + 16 = v. List the prime factors of m.
7
Let p(d) = d**2 - 3*d - 6. List the prime factors of p(5).
2
Suppose -5*q = 107 + 18. Let w = q + 42. What are the prime factors of w?
17
Let z = 104 - 40. What are the prime factors of z?
2
Suppose 0 = 4*j - 1 + 5. List the prime factors of j/(-4) + 535/20.
3
Let g = -5 - -10. Let b = -10 - -15. Suppose -b - g = -o. What are the prime factors of o?
2, 5
Let g = 22 + -8. Let l = g + -3. What are the prime factors of l?
11
Let s be (-4 + 2)/((-2)/4). Let o(a) = -a + 0*a**2 + s*a**2 - 1 - a. What are the prime factors of o(-1)?
5
Suppose 3*v = 2*v - 57. Let d = v + 80. What are the prime factors of d?
23
Suppose t - 17 = -3. List the prime factors of t.
2, 7
Suppose -22 = -3*y - g, -4*g = -3*y + g + 34. Suppose 24 = -6*l + y*l. List the prime factors of l.
2, 3
Let s = -1 - -2. Suppose 95 = 3*j - s. What are the prime factors of j?
2
Let o(b) = 24*b**2 + 7. Let v(m) = 71*m**2 + 20. Let d(w) = -17*o(w) + 6*v(w). List the prime factors of d(1).
19
Let h(j) = -12*j**3 + 2*j**2 + 3*j. Let t(s) = s**3 - s. Let y(v) = h(v) + 2*t(v). List the prime factors of y(-1).
11
Let g(p) = p**2 + 3 + 2 + 3 + 5*p - 1. Let m be g(-6). Let b = -5 + m. What are the prime factors of b?
2
Let d(g) = -g**2 + 4*g + 7. Let u be d(4). Suppose 0 = -2*q + u*q - 200. What are the prime factors of q?
2, 5
Suppose 6 = 4*c - 6. Suppose -c*v + 72 = v. Let q = 35 - v. What are the prime factors of q?
17
List the prime factors of (2 - (-9)/3) + 72.
7, 11
Suppose -a = 2*a + 2*r, -2*r = a. Suppose -3*i + 15 + 12 = a. What are the prime factors of i?
3
Let o(t) = t**2 + 14*t - 19. List the prime factors of o(11).
2
What are the prime factors of (-120)/(-18) + (-12)/(-9)?
2
Let n = -11 - -18. Suppose 0 = 5*p - 5*x - 235, -2*p + x = -n*p + 235. List the prime factors of p.
47
Suppose -v - 3*b + 6 = 2*b, -3*v + 2 = -b. Let o = v - -11. Let i = 22 - o. What are the prime factors of i?
2, 5
Let w(m) = -2*m**2 - 12*m + 9. Let g(l) = 2*l**2 + 13*l - 10. Let c(d) = -6*g(d) - 7*w(d). Let h = -12 + 7. What are the prime factors of c(h)?
17
Let i = 190 + -94. What are the prime factors of i?
2, 3
Suppose -22 = 2*n - 54. Let k = n + -9. What are the prime factors of k?
7
Suppose -3*g + 21 = 93. Let o be (g/(-20))/((-2)/(-5)). Suppose -o*r + 17 = 5. List the prime factors of r.
2
Let t be 8/(-8) - (-14)/2. List the prime factors of 2*1/t*12.
2
Let j be (-6)/2*(-4)/3. Suppose 105 = 5*k - 2*k. Suppose -k = -i - j*i. List the prime factors of i.
7
Let v(c) = 2*c - 6 + 2 - 8*c. What are the prime factors of v(-4)?
2, 5
Suppose -8 = -3*x + 13. Suppose 3*j + 15 = f, 0*j + x = f - j. Suppose -f*q - 3*y = 2*q - 55, -3*y = 15. What are the prime factors of q?
2, 7
Suppose o - 62 - 36 = 0. List the prime factors of o.
2, 7
What are the prime factors of 10/65 - (-969)/39?
5
Let w = -10 - -14. Let y = w + 7. What are the prime factors of y?
11
Suppose 0 = 4*r + 3*c - 31, 0*r + 3*c = -3*r + 27. Let f(x) = -2*x + 3. Let j be f(r). Let o = 2 - j. What are the prime factors of o?
7
Suppose 0 = -4*m + 3*u - 16, m - 5*m - 12 = -4*u. List the prime factors of m/(-1 + (-3 - -3)).
7
Let z(o) = o**3 - 12*o**2 - 19*o + 8. List the prime factors of z(14).
2, 67
Suppose q = 175 - 46. List the prime factors of q.
3, 43
Suppose 0 = o + 4*s - 20, 2*o - 22 + 0 = s. List the prime factors of o.
2, 3
Let b(z) = 2*z - 11. Let p be b(9). Suppose 0 = -5*n - n. Suppose j + n = p. List the prime factors of j.
7
Let r(g) = -g - 6. Let c be r(-3). Let m be (-10)/(-3)*(6 + c). Suppose 5*a - m = 0, 0*a + 20 = 2*n + 5*a. List the prime factors of n.
5
Let p be 4/(-10) + (-4)/(-10). Suppose -k + p - 18 = 0. List the prime factors of k/(((-9)/(-2))/(-3)).
2, 3
Let l be 0 + (2 - 0) + -